53*((-2)/24 + 1/(-4)). Suppose 9*a - 227 - c = 0. Calculate the greatest common factor of a and 462.
42
Let t be 0 + 0 + (199 - -91). What is the greatest common divisor of t and 3915?
145
Suppose 4*p + 13*o - 14*o = 40, -3*o = p - 10. Let c be (-12)/6*p/(-5). What is the highest common factor of 3 and c?
1
Let y(r) = -64*r - 505. Let j be y(-8). Calculate the greatest common divisor of j and 5131.
7
Suppose -w - 5*s - 253 = -3*w, 5*w + s - 565 = 0. Calculate the highest common divisor of 4161 and w.
57
Suppose -o - 4*b = -2895, 3*o = -2*b - 188 + 8823. Calculate the greatest common factor of o and 230.
115
Let r be (1 + 28 + 0)/(22/220). What is the greatest common divisor of 928 and r?
58
Suppose -5*i - 5*k + 7360 = 0, 4*k - 10 = 2*k. Suppose -9*m = 180 - i. Calculate the highest common divisor of m and 13.
13
Suppose 6*u + 12622 = 34036. Calculate the greatest common divisor of u and 43.
43
Suppose -4*x - 5*c = 12, 3*x - 7*x = 2*c. Let y = x - -23. What is the highest common divisor of 525 and y?
25
Let b(p) = 6*p**2 - 71*p - 321. Let o be b(-5). Let j(q) = 2*q**2 + 5*q - 3. Let u be j(7). Let i = o - u. What is the greatest common factor of i and 135?
27
Let m be (-2 + 1)/(2/56*-7). Suppose 0 = 2*s - s - 8. Let f be (s + 12)*(0 + 1). Calculate the greatest common divisor of f and m.
4
Let w be (266/4 + -2)*6. Let a = w + -239. Calculate the greatest common divisor of 74 and a.
74
Suppose 109*p - 1969 - 79 = 77*p. What is the highest common factor of 528 and p?
16
Let l = 10229 - 9849. Suppose 3*j - 40 - 20 = 0. Calculate the greatest common divisor of l and j.
20
Let b be 64/28 + 0 + (-6)/21. Let k(t) = -2*t**2 + 2*t**2 + 4 - 2*t**b - 23*t - 18*t. Let n be k(-20). What is the greatest common factor of 6 and n?
6
Suppose -3*k + 185 = 22*o - 26*o, 7*o - 322 = -5*k. Calculate the greatest common factor of 1575 and k.
63
Let d(g) = 114*g + 752. Let r be d(-5). Let q = -105 + 131. Calculate the greatest common divisor of q and r.
26
Let d = 475 + -274. Let f = 323 - d. Suppose -2*r + 74 = -f. Calculate the greatest common factor of r and 14.
14
Let d(r) = 28*r - 769. Let c be d(31). What is the greatest common divisor of c and 759?
33
Suppose 2*u - 5*a = -8*a + 143, 4*u + a - 261 = 0. Let b(i) = 31*i - 92. Let n be b(4). What is the highest common factor of u and n?
32
Let z = -9475 - -9486. Calculate the highest common factor of z and 3707.
11
Suppose -42539*k = -42572*k + 3366. Calculate the greatest common divisor of 204 and k.
102
Let r be -90*(-2)/8*(-420)/(-25). What is the greatest common factor of r and 4644?
54
Suppose 10*x - 75 = 5*x. Let f(s) = s**3 + 9*s**2 + 18*s - 5. Let j be f(-5). Calculate the highest common factor of x and j.
5
Let v = 131 - 80. Let y be (3/4*5)/(v/1700). Calculate the highest common divisor of 50 and y.
25
Suppose 4*k - 3*j = -17, 2*j - 6*j = -4*k - 16. Let c = k + 41. Suppose 5*p = 3*b - 69, -3*b + c + 3 = 5*p. Calculate the greatest common divisor of 54 and b.
18
Suppose -16 = 18*m - 37872 - 11824. Calculate the greatest common factor of m and 30.
30
Suppose 5*n - 3*y = 1180, n - 254 = y - 18. Suppose -3*m + n = -m. Suppose -o = 3*s + 2*s - m, -3*s = -2*o - 76. What is the highest common divisor of 3 and s?
3
Suppose -111*f + 3*c + 90 = -110*f, 4*f = 5*c + 353. Suppose -15*p - 2882 = -7667. Calculate the greatest common factor of f and p.
29
Let i(z) be the third derivative of z**4/8 + 4*z**3/3 + 8*z**2. Let s be i(-3). Let g be (s - 2) + 1 - -4. Calculate the greatest common factor of 22 and g.
2
Let q(x) = -x**2 - 157*x - 704. Let m be q(-136). What is the highest common divisor of m and 12?
4
Let g = -47770 + 78442. Calculate the highest common factor of 16 and g.
16
Suppose -324*g = -1247*g + 10153. Let h(k) = -105*k**3. Let t be h(-1). Let r = 226 - t. What is the highest common divisor of g and r?
11
Let j(r) = 453*r**2 + 81*r + 84. Let u be j(-1). What is the greatest common factor of 1608 and u?
24
Let v = -1413 + 1434. What is the greatest common factor of v and 1211?
7
Let k = 16822 - 16770. Suppose -2*s - 3*s = 50. Let b = 3 - s. What is the highest common factor of b and k?
13
Suppose -7899 = -225*q + 479 + 25822. What is the greatest common factor of 19 and q?
19
Suppose -486 = -5*j + 224. Let l be (123/82)/(5/710). What is the greatest common divisor of j and l?
71
Suppose 0 = 27*i - 2182 - 27680. Let q = i + -658. Calculate the greatest common divisor of 28 and q.
28
Suppose 0 = -4*o + 4, 5*o + 2426 = 4*d + 91. Calculate the highest common factor of 240 and d.
15
Let o(r) = 354*r + 727. Let w be o(-2). What is the highest common divisor of 2508 and w?
19
Suppose 38*v - 37*v + 18 = -5*y, -2*v = -2*y - 24. Suppose -8*g + v*g = -3*f + 853, 25 = 5*g. What is the highest common divisor of f and 22?
22
Suppose -4*h - 4 = 0, 167 = r + 2*h + 168. Suppose 2*u + 2 = -6. Let y be (11 - r)*(u + 6). Calculate the greatest common divisor of 4 and y.
4
Suppose 39 = -3*c - 8*v + 150, c + 3*v = 39. Calculate the highest common divisor of 8127 and c.
21
Let k(p) = -12*p + 17. Let z be k(0). Suppose -z*j = -75 - 486. Calculate the highest common factor of 528 and j.
33
Let b(a) = -11*a**3 + 30*a**2 + 115*a + 17. Let v be b(-7). What is the greatest common divisor of 220 and v?
55
Suppose 61 = x + 22. Let i = -16 + x. Let t = -5 + i. What is the greatest common factor of t and 126?
18
Let z(y) = y**3 + 10*y**2 + 3. Let i be z(-10). Suppose 0 = -i*x - 179 - 157. Let f = 125 + x. What is the highest common factor of f and 1?
1
Suppose -c - 4*j + 18 = 0, 5*j - 10 = 5*c - 0*c. Suppose c*i + 103 - 135 = 0. What is the highest common factor of 168 and i?
8
Suppose -524 = -6*a - 274 + 620. Calculate the highest common divisor of 40 and a.
5
Let u = -8199 + 14070. What is the greatest common factor of 114 and u?
57
Suppose -n = 2*g - 19, 5*n + 3*g - 97 = -16. Suppose 0*o - 4*o + 27 = -l, 3*l = n. Calculate the highest common factor of 32 and o.
8
Let w be 660/(-176)*16/(-10) - -154. What is the highest common divisor of w and 2160?
80
Let f(v) = -37*v - 2. Let n be f(2). Let x = -1915 + 2042. Let m = x + n. What is the highest common factor of m and 34?
17
Let v be (1 - 6) + 2 - -119. Let r(q) = -q**2 - 42*q + 45. Let d be r(-43). Calculate the greatest common factor of d and v.
2
Let o be -1 - 5/(10/5116). Let s be (o/2)/((-21)/(-8) - 3). Let m be s/10 + 1/(-5)*1. Calculate the highest common factor of m and 31.
31
Suppose -5*d + 78 - 18 = 0. Let g = 20 - d. Let n be g - (1 + (0 - -1)). Calculate the greatest common factor of n and 18.
6
Let t be ((-13642)/95)/((-2)/25) - (1 - 6). What is the greatest common factor of t and 270?
90
Let s be (6 - 66 - -7) + -7. Let k be 1/(-3) + (-11360)/s. Calculate the highest common factor of k and 84.
21
Let m(w) = -10*w + 80. Let h be m(45). Let c = -300 - h. Calculate the greatest common factor of 28 and c.
14
Suppose 28*z - 29*z = -21. Suppose -8*k + 2*k = -1578. Let c = 431 - k. Calculate the greatest common divisor of c and z.
21
Suppose 2*a - 12*y = -10*y + 29610, y + 74033 = 5*a. What is the greatest common divisor of 221 and a?
221
Suppose 5*s - 11 = -o, 6*s - s = -4*o - 1. Suppose 2*t - s*p - 768 = 0, 3*t - 1564 = -t - p. Calculate the highest common divisor of 15 and t.
15
Let i be 6/(-27) - (-1275)/27. Suppose j = -2*j + 1269. What is the highest common factor of i and j?
47
Suppose 8 = 2*j, 3*v - 11*j - 208 = -v. What is the greatest common divisor of 343 and v?
7
Let h = 27 + -45. Let c = -15 - h. Suppose -c = -7*q + 11. What is the highest common factor of 2 and q?
2
Let o be ((-21)/42)/(2/(-740)). Calculate the greatest common divisor of o and 2590.
185
Let z be (9/(-4))/(2743/(-208) + 13). What is the highest common divisor of z and 972?
12
Let f(q) = q**3 + 13*q**2 + 8*q - 10. Let s be f(-12). Let d = 44 - s. Let p be d/4*(-40)/(-6). Calculate the greatest common divisor of p and 110.
10
Suppose 0 = 5*p + 5, -4*p + 754 - 104 = 2*s. Let n = s + -319. What is the greatest common divisor of 56 and n?
8
Let t = -51 + 450. Let a = -56450 - -56513. Calculate the highest common factor of t and a.
21
Let b be 25/20 - 8/(-32)*-1. Calculate the highest common divisor of b and 1363.
1
Suppose 210 = -26803*t + 26809*t. Suppose -3*b = 5*c - 23 - 46, -2 = b. What is the grea